tor of f and a?
24
Let r(t) = 4*t**2 + 12*t - 34. Let h be r(3). Calculate the greatest common factor of 133 and h.
19
Let o(q) be the third derivative of q**6/120 - 3*q**5/20 + 5*q**4/12 - 5*q**3/3 - 29*q**2. Let t be o(8). What is the highest common divisor of t and 3?
3
Let c = -593 - -1105. What is the highest common divisor of 192 and c?
64
Let f be ((-8)/(-12))/(6/909 - 0). Let l = 153 - f. Calculate the greatest common factor of 52 and l.
52
Let s = -1 - -9. Suppose -3*m = -s - 10. What is the highest common factor of 18 and m?
6
Let l be 11/5 - (-1)/(-5). Let j(c) = 3*c**3 - c**2 + c - 2. Let w be j(l). Calculate the highest common divisor of 5 and w.
5
Let y = 138 + -58. Suppose -53 = -2*a + 3*i + 21, -4*i = 2*a - 88. What is the greatest common factor of a and y?
40
Suppose 3*h + 25 = -23. Let w = -8 - h. Let z(q) = 3*q**2 + 1. Let p be z(-1). Calculate the highest common factor of p and w.
4
Let d = 93 + 12. What is the highest common divisor of d and 21?
21
Let w(z) = z**3 + 3*z**2 - 5*z + 6. Let t be w(-6). Let m = t - -43. Let n be (-4)/(-24) - m/6. Calculate the highest common factor of n and 55.
5
Let t(c) = -c - 3. Let z be t(-7). Let i be (z - 1 - (1 + 1))*23. What is the greatest common factor of i and 207?
23
Let m be (-120)/(-70)*140/8. Calculate the highest common divisor of m and 15.
15
Let m be 1608/132 + 6/(-33). Calculate the highest common divisor of 36 and m.
12
Let v = 345 - 328. Suppose 2*q = -2*a - 3*q + 31, -11 = 3*a - 4*q. Let f(u) = 41*u - 4. Let k be f(a). Calculate the greatest common divisor of k and v.
17
Suppose 37*f - 250 - 9 = 0. Calculate the highest common factor of 301 and f.
7
Suppose 0 = 3*d - 38 - 52. Suppose -3*c = 2*f - 135, 90 = 5*c - 3*c + 3*f. What is the greatest common factor of d and c?
15
Let i(m) = -m**3 + 10*m**2 - m + 12. Let l be i(10). Suppose -3*k + 5 = l*k. Let f be (-8)/(-4) + k + 109. What is the greatest common divisor of 14 and f?
14
Suppose 2*n + 1 = -1. Let g = n - 1. Let i be -23*(-2*3 - g). Calculate the highest common divisor of i and 23.
23
Let u = 186 - 130. Let r(d) be the third derivative of -d**5/60 + 5*d**4/12 - 13*d**3/6 - 4*d**2. Let f be r(7). What is the highest common factor of u and f?
8
Let c = 231 - 61. Calculate the highest common divisor of c and 102.
34
Suppose -p - 20 = -2*p + 2*u, 0 = 3*p + 2*u - 100. Let q be 3 + (-2 + 3)*69. Suppose -528 = -8*d + q. What is the greatest common factor of d and p?
15
Let t = 82 + 128. Calculate the greatest common factor of 30 and t.
30
Let s be 16 - 3*(-4)/(-6). Let i = 4 + s. Let j be (48/9)/(2/i). What is the greatest common divisor of 24 and j?
24
Let i(b) = b**2 - 3*b - 6. Let a(k) = k**3 + k**2 + k - 1. Let z(o) = a(o) + i(o). Let h be z(4). What is the greatest common factor of 9 and h?
9
Let b = -5 + -3. Let n be b/(-12) - 86/(-6). Let q = 24 - n. What is the highest common factor of 72 and q?
9
Suppose -4*q + 14*q = 7880. Suppose 20*w = q - 188. Calculate the greatest common factor of 45 and w.
15
Suppose -25 = -5*u, 71 = -o + 5*o - 5*u. Let a(i) = -i**2 - 2*i + 60. Let k be a(0). Calculate the greatest common divisor of k and o.
12
Let a be 5 + 1/(2/(-4)). Let g = -206 + 192. Let o = a - g. What is the highest common factor of 17 and o?
17
Let h(y) = -y**3 + 11*y**2 + 13*y - 10. Let g be h(11). Let u = 87 + g. What is the greatest common factor of 20 and u?
20
Let g = 202 + -131. Let v = g - 47. Calculate the greatest common factor of v and 32.
8
Let i(u) = -u + 3. Let v be ((-2)/3)/(1/3). Let d be i(v). What is the highest common divisor of d and 25?
5
Suppose 10 = 3*r + 1. Suppose -p = -l - 107, -r*p + 0*p - 3*l = -327. Calculate the greatest common divisor of p and 12.
12
Suppose -6*w + 5 = -7. Suppose -8*q + 9*q - 5 = 0. Suppose 25 = q*z, -2*j + 0*z = 4*z - 36. Calculate the highest common factor of j and w.
2
Let k be 4 + -10 + 5 - -78. Let i be (-2)/(-8) - (-172)/16. Calculate the greatest common factor of i and k.
11
Let f(a) = a - 1. Let u be f(5). Let i be (78/65)/(u/10). Suppose 0 = 5*v + 5*k - 110, i*v + 26 = -2*k + 96. What is the greatest common factor of 13 and v?
13
Suppose -885*g - 488 = -889*g. What is the highest common factor of g and 427?
61
Suppose 0 = -10*m - 25 - 5. Let y be ((-34)/(-3))/(m*(-2)/9). Calculate the highest common divisor of y and 136.
17
Let b(u) = 69*u + 1. Let w be b(1). Let v be (-1 - -27) + (-1 - 3). Let z = v - 8. Calculate the highest common factor of z and w.
14
Let o = 159 + -135. Calculate the greatest common divisor of o and 40.
8
Let i be (-8 - -14)/((-2)/(-2)). Suppose i*c - 9*c + 12 = 0. Suppose 2*z = 5*q + 4*z - 724, -z - 574 = -c*q. Calculate the highest common factor of 18 and q.
18
Suppose -58*w - 6624 = -81*w. What is the highest common factor of 18 and w?
18
Let g = 98 + -91. Let x(b) = 50*b**2 - b. Let w(c) = c + 7. Let r be w(-6). Let f be x(r). Calculate the greatest common factor of g and f.
7
Let w(t) = -t**2 - 31*t + 7. Let y be w(-31). Calculate the greatest common divisor of 21 and y.
7
Let m(o) = 15*o - 122. Let k be m(22). Calculate the highest common divisor of 32 and k.
16
Let y be (2 + -1 + -1)/1. Suppose q + 3*q + 936 = 5*c, y = 3*c + 3*q - 540. Calculate the highest common divisor of c and 23.
23
Let r be (1 - (-19)/3)/(314/1413). Calculate the greatest common factor of r and 253.
11
Suppose 191*r = 204*r - 52. What is the highest common factor of 316 and r?
4
Let o be 3365/(-25) - (-2)/(-5). Let y = -106 - o. Calculate the highest common factor of y and 29.
29
Let m(o) = o**3 + 12*o**2 - o - 120. Let s be m(-11). Calculate the highest common divisor of s and 212.
4
Let z(b) = 11*b**2 - 2*b. Suppose 2*r + 10 = -3*r. Let m be z(r). Let x be ((-4)/8)/((-1)/m). What is the highest common divisor of x and 72?
24
Let b = 464 + -454. Calculate the highest common divisor of 170 and b.
10
Let h(q) = -q - 1. Suppose -8 = a - 1. Let y be h(a). What is the highest common factor of y and 18?
6
Let u = -25 - -39. Suppose -1 = -l + 2. Suppose 0 = -4*n + l + 5. What is the greatest common divisor of n and u?
2
Let l be (2 - 6/2) + 298. Suppose -2*n + 39 = 4*y - 59, 3*n - 93 = -4*y. What is the greatest common factor of y and l?
27
Let c = -485 - -698. Calculate the highest common divisor of 6 and c.
3
Suppose -3*b - 105*z + 1773 = -108*z, 0 = b + 5*z - 609. What is the highest common factor of b and 44?
22
Suppose -14*l + 231 = 2*b - 9*l, -4*b + 435 = l. Calculate the highest common divisor of 378 and b.
54
Let p = 94 + -81. Suppose -3*q + p = -11. What is the highest common factor of q and 64?
8
Let l be 5/((-1)/(-12)*2). Suppose 54 = 3*s + p, 655*s - 130 = 650*s + 5*p. Calculate the greatest common factor of l and s.
10
Suppose 10*l - 8*l = 30. Let y = 22 + -4. Suppose 0 = -4*a + a + y. What is the highest common factor of a and l?
3
Let l(q) = q**2 + 2*q. Let k be l(-3). Suppose i + 23 = 2*r, -k*i - 43 = -4*r - 4*i. Calculate the highest common factor of 11 and r.
11
Suppose 2106 = 21*p - 8*p. What is the highest common divisor of 27 and p?
27
Suppose 575 = 30*q - 55. Calculate the highest common divisor of 21 and q.
21
Suppose -4077 + 4142 = x. What is the highest common divisor of 1495 and x?
65
Suppose 196 = -2*z + 2474. What is the highest common factor of z and 67?
67
Let z = -129 + 1697. What is the greatest common factor of 98 and z?
98
Suppose 4*k + 10*q - 7*q - 716 = 0, -4*q + 348 = 2*k. Calculate the highest common factor of k and 2.
2
Suppose -4*i = -i - 9. Suppose f + 5*y = 20, 4*f = y + i*y + 80. Calculate the highest common divisor of f and 4.
4
Let a be (9 - 5)/12*96. Let c = -47 - -79. Calculate the greatest common divisor of a and c.
32
Let x be 7 - ((2 - 2) + 4). Let k = -22 - -16. Let d be (4/k)/(x/(-18)). What is the greatest common factor of 44 and d?
4
Suppose -359 - 41 = -40*m. Let w = 40 - 25. Calculate the greatest common divisor of m and w.
5
Let y be (96/56)/(4/28). What is the highest common divisor of y and 12?
12
Let i be -2*(15147/(-6))/9. Let d be (-5)/20 + i/4. Suppose 0 = j + 3*j - d. What is the greatest common divisor of 315 and j?
35
Let g be 1580/6 + -12 + 76/6. Calculate the greatest common divisor of 12 and g.
12
Let u(n) = -6*n + 112. Let i be u(13). Calculate the highest common factor of 221 and i.
17
Let 